ommon factor of 1722078 and 177393?
87
What is the highest common factor of 3200 and 626576?
16
Calculate the highest common divisor of 15647878 and 58.
58
Calculate the greatest common divisor of 12012 and 945412.
52
What is the greatest common factor of 72640 and 9099295?
1135
What is the highest common factor of 9 and 58661397?
9
Calculate the highest common divisor of 4 and 11586216.
4
Calculate the highest common factor of 9930 and 153206660.
3310
What is the greatest common divisor of 369 and 321627?
3
Calculate the highest common divisor of 4349 and 1584836486.
4349
Calculate the greatest common divisor of 37220207 and 21668.
5417
Calculate the greatest common factor of 23343 and 6913.
31
What is the greatest common factor of 274 and 6148423?
137
Calculate the highest common divisor of 1068486692 and 292.
292
Calculate the highest common divisor of 7047 and 178147.
29
What is the highest common divisor of 80945928 and 2128?
1064
What is the greatest common factor of 142596 and 2924?
68
What is the greatest common divisor of 248 and 47711356?
124
Calculate the greatest common divisor of 20774 and 93041.
221
Calculate the highest common divisor of 14854585 and 3995.
235
Calculate the highest common factor of 168800 and 58072475.
5275
What is the highest common divisor of 192755342 and 3952?
494
Calculate the greatest common factor of 21526 and 213886.
458
Calculate the greatest common divisor of 297373 and 861.
41
Calculate the greatest common divisor of 6524364 and 415173.
759
What is the greatest common factor of 76696 and 8264?
8
Calculate the greatest common factor of 25994 and 1659434.
82
What is the highest common factor of 146747 and 26728?
257
What is the greatest common divisor of 1381536 and 30771?
117
Calculate the highest common factor of 1755702336 and 3264.
3264
Calculate the highest common divisor of 204566415 and 15.
15
Calculate the greatest common divisor of 59353 and 2363.
139
Calculate the highest common factor of 32 and 544857432.
8
Calculate the highest common factor of 10329 and 25938.
33
Calculate the greatest common factor of 111230 and 8608810.
490
What is the greatest common factor of 7235078 and 2986?
2986
What is the highest common divisor of 14 and 3388961842?
14
Calculate the highest common divisor of 78965 and 5151.
17
What is the highest common factor of 260239 and 15320879?
5537
What is the greatest common divisor of 48390995 and 2135?
305
Calculate the highest common factor of 5070 and 1085994.
1014
Calculate the highest common factor of 576492 and 1190.
14
What is the greatest common factor of 687423896 and 712?
712
Calculate the greatest common factor of 627543 and 1421.
49
Calculate the greatest common factor of 10285 and 57655653.
2057
What is the highest common divisor of 12502 and 57723064?
266
Calculate the highest common divisor of 92322241 and 566.
283
Calculate the greatest common divisor of 703 and 18478222.
19
Calculate the highest common divisor of 44704 and 935396.
44
Calculate the highest common divisor of 106155148 and 44.
44
Calculate the highest common divisor of 23392 and 6706194.
1462
What is the greatest common divisor of 65800 and 1057970?
470
Calculate the highest common divisor of 3858362967 and 1923.
1923
Calculate the highest common factor of 1 and 9870995.
1
Calculate the greatest common divisor of 3349 and 10876764.
197
Calculate the greatest common factor of 1263031 and 387233.
3619
Calculate the greatest common divisor of 4064170 and 230.
10
Calculate the highest common divisor of 1643619 and 42912.
447
What is the highest common divisor of 8 and 2526038?
2
Calculate the greatest common factor of 384 and 12323328.
384
Calculate the highest common factor of 1900 and 12500860.
380
Calculate the highest common factor of 469376 and 9082.
38
Calculate the highest common factor of 1874296 and 2224.
8
What is the greatest common divisor of 26720498 and 114?
38
Calculate the highest common divisor of 25729 and 10345397.
2339
Calculate the highest common factor of 9975 and 35629825.
175
What is the greatest common factor of 5404256 and 7592?
104
Calculate the greatest common factor of 357 and 12774.
3
What is the greatest common divisor of 31361718 and 4884?
222
Calculate the highest common divisor of 341679 and 80691.
39
What is the greatest common factor of 49056 and 76320?
96
What is the greatest common divisor of 110056 and 904?
8
Calculate the highest common factor of 17472 and 1106104272.
4368
Calculate the highest common divisor of 620 and 231219545.
155
Calculate the highest common factor of 383921 and 154051.
127
What is the greatest common divisor of 3483417 and 399?
21
Calculate the greatest common factor of 8782923 and 16011.
1779
What is the highest common divisor of 3264 and 10090044?
204
Calculate the highest common factor of 884 and 26920673.
221
Calculate the greatest common factor of 8178 and 2885703.
87
What is the greatest common factor of 17085161 and 2242?
1121
Calculate the greatest common divisor of 4486 and 12302855.
2243
Calculate the greatest common divisor of 981899262 and 36.
18
Calculate the highest common divisor of 87 and 49923239.
29
Calculate the highest common factor of 157216864 and 1384.
1384
What is the highest common factor of 90 and 1205374545?
45
Calculate the greatest common divisor of 169696976 and 1984.
496
Calculate the greatest common divisor of 253992477 and 438.
219
Calculate the highest common divisor of 63762 and 1536.
6
What is the greatest common divisor of 149579805 and 465?
465
Calculate the highest common divisor of 11369385 and 4015.
365
Calculate the greatest common divisor of 134496 and 3744.
288
Calculate the highest common divisor of 3562 and 1181120018.
3562
Calculate the greatest common divisor of 1192 and 15307664.
1192
Calculate the highest common factor of 27648 and 127072.
32
Calculate the greatest common divisor of 291770 and 2685.
895
What is the greatest common factor of 752 and 127390492?
188
Calculate the greatest common divisor of 116 and 97261708.
116
What is the highest common divisor of 5753 and 4563698?
523
What is the greatest common factor of 7652140 and 53?
53
What is the highest common factor of 152 and 8471416?
152
What is the greatest common divisor of 145 and 8875595?
145
Calculate the highest common divisor of 394492975 and 50.
25
Calculate the highest common divisor of 14262538 and 148.
74
Calculate the highest common divisor of 5040 and 521781120.
5040
Calculate the highest common factor of 228410 and 115.
5
What is the highest common divisor of 538009 and 5311?
47
What is the highest common divisor of 21276657 and 3616?
113
Calculate the highest common factor of 67591410 and 60.
30
What is the greatest common factor of 327177 and 45?
9
Calculate the highest common factor of 538532 and 33734.
202
What is the greatest common divisor of 1693 and 1153566182?
1693
Calculate the greatest common divisor of 153 and 14544945.
153
Calculate the greatest common factor of 186241 and 6358.
11
Calculate the highest common divisor of 290 and 599530.
10
Calculate the greatest common divisor of 9767082 and 156.
78
What is the greatest common factor of 35565 and 9195?
15
Calculate the highest common divisor of 38032624 and 115787.
6811
Calculate the highest common factor of 10710 and 35014770.
630
What is the highest common factor of 660 and 33026676?
12
Calculate the highest common divisor of 97760 and 14950.
130
What is the greatest common divisor of 330 and 2882088?
66
What is the greatest common divisor of 155 and 108950?
5
What is the greatest common divisor of 20 and 1001204?
4
What is the greatest common divisor of 581917 and 40861?
1409
What is the highest common factor of 42724 and 480?
4
What is the greatest common divisor of 370 and 15818425?
185
Calculate the highest common divisor of 34138 and 20813.
13
What is the highest common divisor of 404 and 7225439?
101
What is the greatest common factor of 367969 and 4529?
7
What is the greatest common divisor of 5663281 and 39?
13
Calculate the greatest common divisor of 341 and 13379507.
31
What is the highest common divisor of 2098811 and 6591?
169
What is the highest common divisor of 26 and 18790213?
13
Calculate the highest common factor of 219686076